6)?
-27
Let w(k) = -k**2 + 61*k + 200. Give w(64).
8
Let l(u) = 3*u**2 + 19*u - 43. Determine l(2).
7
Let q(o) = o**3 + 19*o**2 + 5*o + 102. Give q(-19).
7
Let f(k) = -k**3 + 20*k**2 - 45*k - 105. What is f(17)?
-3
Let a(y) = -7*y + 189. Calculate a(27).
0
Let d(r) = -4*r + 10. Give d(7).
-18
Let z(o) = -o**3 + 2*o**2 + o - 1. Determine z(3).
-7
Let n(c) = 79*c + 2. Calculate n(1).
81
Let c(x) = x**3 - 45*x**2 - 43*x - 138. What is c(46)?
0
Let u(m) = -m**3 - 12*m**2 + 13*m - 15. Give u(-13).
-15
Let h(o) = -3*o + 18. Determine h(7).
-3
Let z(a) = -a**2 + 6*a + 1. Give z(-2).
-15
Let y(u) = 18*u + 490. Give y(-28).
-14
Let w(d) = d**3 + 15*d**2 - 15*d + 19. What is w(-16)?
3
Let h(j) = 2*j**3 - 2*j**2 + j. Give h(2).
10
Let f(x) = x + 49. Determine f(-6).
43
Let k(g) = -g**3 - 3*g**2 + g. Calculate k(-4).
12
Let h(j) = -j**3 - 24*j**2 + 28*j + 65. Give h(-25).
-10
Let l(g) = -g**3 - g**2 + 10*g + 3. Give l(-4).
11
Let s(k) = -k**3 + 13*k**2 - 12*k - 6. Give s(12).
-6
Let o(p) = -p - 7. Determine o(-5).
-2
Let q(b) = b**2 - 21*b - 29. Determine q(22).
-7
Let l(t) = -t**2 - 4*t + 6. What is l(-7)?
-15
Let p(g) = g**3 + 19*g**2 + 36*g + 47. Determine p(-17).
13
Let s(x) = 7*x + 78. What is s(-10)?
8
Let t(x) = x - 36. Determine t(17).
-19
Let v(n) = 65*n - 386. Determine v(6).
4
Let z(p) = -p**3 - 3*p**2 - 3*p - 1. Determine z(-3).
8
Let l(p) = -p**3 + 13*p**2 - 16*p + 50. What is l(12)?
2
Let s(d) = -d**2 - 13*d - 39. Determine s(-10).
-9
Let w(r) = r**2 - 3*r - 19. Calculate w(6).
-1
Let y(k) = -10*k + 41. Give y(4).
1
Let m(c) = c**3 + 7*c**2 + 2*c + 19. Calculate m(-7).
5
Let r(q) = -q**3 + 2*q**2 + 3*q + 3. What is r(-4)?
87
Let o(g) = -g**3 - g**2 + 16*g - 15. Determine o(2).
5
Let k(a) = -a**2 - 5*a. Determine k(6).
-66
Let d(k) = k**2 + 2*k - 24. What is d(4)?
0
Let v(z) = 2*z**2 + 5*z - 3. Calculate v(3).
30
Let h(m) = -m**3 + 3. Determine h(3).
-24
Let u(j) = -38*j**3 - 8*j**2 + 9*j - 1. Determine u(1).
-38
Let k(f) = f**2 + 9*f - 10. Calculate k(-9).
-10
Let r(k) = -k**3 - k**2 - 3*k - 1. Give r(-3).
26
Let w(l) = l**3 + l**2 - 7*l. Determine w(-3).
3
Let r(q) = -q**2 - 14*q + 75. Calculate r(-18).
3
Let j(w) = -7*w - 74. Give j(-11).
3
Let d(w) = w**3 - 4*w**2 - 6*w + 24. Calculate d(6).
60
Let c(v) = v**2 - 18*v - 10. Calculate c(19).
9
Let a(u) = -u**3 - 8*u**2 + 152*u - 24. Calculate a(-17).
-7
Let v(o) = 11*o + 11. Calculate v(-2).
-11
Let s(b) = -b**2 - 2*b - 6. Give s(3).
-21
Let x(h) = -h**3 - 15*h**2 + 14*h - 18. Determine x(-16).
14
Let a(s) = s**3 - 9*s**2 + 18*s - 32. Give a(6).
-32
Let c(t) = -5*t + 1. Give c(4).
-19
Let k(p) = -17*p + 36. Calculate k(3).
-15
Let r(a) = 22*a - 291. Give r(13).
-5
Let x(u) = 9*u**2 - 2*u - 2. Determine x(-2).
38
Let f(n) = 8*n**2 - 4. Calculate f(-2).
28
Let z(s) = -s**2 - 4*s + 1. Give z(-4).
1
Let l(o) = -o**2 - 11*o + 35. Determine l(-14).
-7
Let k(g) = -7*g + 10. What is k(7)?
-39
Let y(w) = -8*w - 32. Determine y(-4).
0
Let s(t) = t**3 + t**2 + 9*t - 17. Give s(2).
13
Let s(j) = 9*j + 2. Determine s(-3).
-25
Let q(i) = -2*i**2 - 48*i - 250. Give q(-8).
6
Let u(m) = -3*m - 72. Give u(0).
-72
Let y(z) = z**2 + 30*z - 178. Give y(-35).
-3
Let r(l) = -l**2 - 4. Give r(0).
-4
Let b(g) = -g**3 - 5*g**2 + g - 2. Determine b(-5).
-7
Let n(a) = a**3 - 15*a**2 - 15*a - 14. Determine n(16).
2
Let i(h) = -h**2 - 36*h + 302. Give i(-43).
1
Let n(w) = w**3 + w**2 - 4*w - 1. What is n(2)?
3
Let k(d) = -d**3 + 18*d**2 - 29*d + 17. Give k(16).
65
Let n(v) = 4*v**3 - v**2 - 3*v + 3. What is n(-2)?
-27
Let t(i) = -5*i**2 - 26*i + 26. Calculate t(-6).
2
Let y(d) = -3*d - 51. Calculate y(-13).
-12
Let b(f) = 5*f - 41. Calculate b(9).
4
Let d(b) = -b**3 + 49*b**2 + b - 44. Give d(49).
5
Let i(n) = -n**3 + 4*n**2 + 13*n - 13. What is i(6)?
-7
Let s(z) = 15*z**2 + 4*z + 3. Calculate s(-2).
55
Let t(c) = c - 55. Give t(0).
-55
Let w(q) = 3*q - 9. Calculate w(5).
6
Let x(m) = -30*m**3 - m**2 + 2*m. Determine x(1).
-29
Let p(f) = -3*f - 108. What is p(-37)?
3
Let y(m) = -m**3 - 27*m**2 - 23*m + 18. Give y(-26).
-60
Let v(h) = -31*h + 26. What is v(-5)?
181
Let f(b) = b**2 - 7*b + 8. Give f(6).
2
Let f(p) = -21*p**3 - 7*p + 5. What is f(1)?
-23
Let u(x) = x**3 - x**2 - x + 39. Calculate u(0).
39
Let o(l) = l**2 + 15*l + 47. What is o(-11)?
3
Let f(z) = -z**2 - 21*z + 6. Determine f(-18).
60
Let t(l) = 11*l**2 + 4*l + 3. Determine t(-1).
10
Let c(t) = -t**3 - 4*t**2 - 2*t + 2. Determine c(-3).
-1
Let p(i) = -i - 2. Give p(-2).
0
Let p(b) = b**3 - b**2 + b + 3. Give p(-2).
-11
Let t(w) = -3*w - 73. Determine t(-16).
-25
Let o(z) = -11*z + 53. Determine o(4).
9
Let g(s) = -s**2 + 8*s + 158. What is g(-9)?
5
Let d(n) = -n**3 - 8*n**2 - 4*n + 5. What is d(-5)?
-50
Let b(j) = -7*j**3 + j**2 + 4*j - 3. What is b(1)?
-5
Let a(o) = 13*o + 47. Calculate a(-5).
-18
Let i(g) = g**3 + 16*g**2 + 61*g + 5. Determine i(-10).
-5
Let v(h) = -2*h**2 - 68*h - 331. Calculate v(-28).
5
Let y(r) = -r**2 + 13*r - 41. Calculate y(8).
-1
Let n(k) = -k**2 + 34*k + 610. Determine n(-13).
-1
Let u(n) = -n**3 - 3*n**2 - n - 4. What is u(-3)?
-1
Let h(x) = -x + 11. Calculate h(16).
-5
Let m(y) = 2*y**2 + 39*y + 9. Calculate m(-20).
29
Let n(x) = 2*x + 5. What is n(0)?
5
Let h(l) = -l**2 + 32*l - 58. What is h(2)?
2
Let j(y) = -4*y - 7. What is j(-6)?
17
Let j(l) = l**3 + 4*l**2 - 9*l - 17. Give j(-6).
-35
Let d(r) = 18*r - 1. Give d(-1).
-19
Let h(p) = -p**3 - 12*p**2 - 11*p - 22. What is h(-11)?
-22
Let f(x) = 15*x - 268. Calculate f(18).
2
Let d(f) = 2*f - 10. Give d(5).
0
Let m(k) = k**3 - 27*k**2 - 26*k - 55. Give m(28).
1
Let p(i) = -4*i**2 - i - 24. What is p(-5)?
-119
Let t(l) = 7*l - 1. Determine t(2).
13
Let f(r) = r**3 + 6*r**2 + 5*r + 15. Give f(-6).
-15
Let j(v) = -v - 8. What is j(9)?
-17
Let o(a) = -4*a**2 - 10*a + 9. Give o(-4).
-15
Let f(b) = b**3 + 5*b**2 + 5*b + 6. Determine f(-4).
2
Let f(n) = n**3 + 19*n**2 + 36*n + 42. Calculate f(-17).
8
Let f(z) = 4*z**2 + z + 2. Calculate f(-2).
16
Let r(y) = 3*y + 11. Give r(-5).
-4
Let g(m) = -26*m - 57. Determine g(-2).
-5
Let c(y) = -4*y - 24. What is c(-13)?
28
Let a(w) = -3*w - 35. What is a(-11)?
-2
Let m(t) = -t**2 - 8*t - 9. Give m(-11).
-42
Let l(g) = -59*g - 199. Determine l(-4).
37
Let k(d) = -16*d - 4. Determine k(4).
-68
Let b(q) = -q**2 + 16*q - 29. Calculate b(12).
19
Let l(i) = i**2 + 3*i - 3. Give l(-6).
15
Let z(x) = -8*x**3 - 3*x**2 - 8*x - 3. Determine z(-2).
65
Let i(d) = 4*d + 41. What is i(-10)?
1
Let r(t) = 16*t + 1. What is r(1)?
17
Let h(z) = 2*z**2 + 6*z - 7. Determine h(5).
73
Let p(j) = -j - 28. Give p(3).
-31
Let o(u) = 4*u + 15. Give o(-6).
-9
Let z(m) = m**3 - 3*m**2 - 3*m - 3. Calculate z(4).
1
Let q(n) = n**3 - 6*n**2 - 10*n + 10. Calculate q(7).
-11
Let k(p) = 3*p**2 - 5*p - 1. Give k(-1).
7
Let r(d) = d**3 - 2*d**2 - 2*d + 4. Determine r(3).
7
Let j(x) = 2*x - 9. Calculate j(6).
3
Let s(x) = x**2 + 16*x + 18. Give s(-15).
3
Let d(z) = 14*z**2 - z - 3. What is d(1)?
10
Let s(l) = -3*l + 1. What is s(12)?
-35
Let f(m) = -6*m**2 - 34*m - 34. Calculate f(-1).
-6
Let j(z) = z**2 + 9*z - 2. What is j(-9)?
-2
Let q(f) = -2*f**2 + 4. Give q(2).
-4
Let j(n) = n**3 + n**2 + n + 4. Give j(-2).
-2
Let c(q) = -q**3 + 18*q**2. Give c(18).
0
Let k(d) = -d**3 + 18*d**2 + 34*d + 44. Determine k(20).
-76
Let t(b) = b**3 - 7*b**2 + 12*b + 2. What is t(5)?
12
Let g(v) = v**2 - 6*v - 6. Give g(6).
-6
Let t(r) = -4*r**3 - 100*r**2 - r - 34. Calculate t(-25).
-9
Let p(k) = -2*k**2 - 3*k + 2. What is p(-4)?
-18
Let l(r) = 15*r + 117. Determine l(-7).
12
Let b(u) = -u**3 - 7*u**2 + 7*u - 7. What is b(-8)?
1
Let a(g) = 2*g**3 - 32*g**2 + 29*g + 29. Determine a(15).
14
Let r(b) = 6*b - 4. What is r(2)?
8
Let d(j) = -j**3 + 15*j**2 - 12*j. What is d(14)?
28
Let m(c) = -2*c**3 - 44*c**2 + c + 14. Calculate m(-22).
-8
Let q(t) = -t**2 + 5*t + 12. Give q(10).
-38
Let t(x) = 20*x + 7. Determine t(8).
167
Let q(y) = -y - 6. Calculate q(-9).
3
Let f(i) = i - 11. Calculate f(-6).
-17
Let h(r) = -2*r**3 - 54*r**2 - 50*r + 42. Determine h(-26).
-10
Let w(o) = 2*o - 4. Determine w(5).
6
Let z(l) = -18*l - 104. Calculate z(-6).
4
Let p(m) = 14*m + 62. Calculate p(-4).
6
Let v(b) = -b - 2. Determine v(-6).
4
Let v(d) = -d**3 + 8*d**2 + 12*d - 10. Calculate v(10).
-90
Let s(y) = -y**2 